 = 2*n**3 + 6*n**2 + 5. Is h(6) a composite number?
False
Let z be 2/8 - 779/(-4). Suppose z = -3*p + 8*p. Is p a composite number?
True
Suppose f - 381 = -2*f. Is f a composite number?
False
Suppose 0 = -4*u + 5*w + 39 - 240, -24 = u + 4*w. Let x = u + 97. Is x composite?
False
Suppose 4*r + 5*y - 28 = 0, 0*y + 8 = 2*y. Suppose -3*s + r*s + 19 = 0. Is s composite?
False
Suppose 9 = 3*b - 0. Let g(u) be the first derivative of 15*u**2 - u + 7. Is g(b) composite?
False
Is -2 + (-15)/(-12) - 7262/(-8) a prime number?
True
Suppose z - 1504 = -5*d, -1510 = -0*d - 5*d + 5*z. Let p be -537*1/(-3) + 4. Let q = d - p. Is q a prime number?
False
Let p(c) = 79*c + 13. Is p(4) a prime number?
False
Let q(h) = 2*h**2 + 5*h + 3. Let f = 0 + 1. Let m(u) = 1. Let w(k) = f*q(k) - 3*m(k). Is w(7) composite?
True
Let y = 686 + -33. Is y a prime number?
True
Suppose j - 271 - 60 = 0. Is j composite?
False
Let x = 499 + -228. Is x composite?
False
Suppose -3*a - 2*a + 4075 = 0. Is (1 + -3)*a/(-10) prime?
True
Let y be 1/2*4 - 0. Suppose 5*p - 441 = -y*j - 25, j - 3 = 0. Is p prime?
False
Let n(z) = -z - 1. Let v be n(-3). Let i(p) = p + 3*p + 1 - v*p. Is i(3) composite?
False
Let m(h) = 3*h**3 - 2*h**2 - 4. Is m(3) a composite number?
False
Let m(j) = j**2 - 6*j - 5. Let h be m(7). Suppose 3*a - 4*v = 157, 6*a - 3*v - 200 = h*a. Is a composite?
False
Let v be (-4 + -242)*1/(-2). Let j = 272 - v. Is j a composite number?
False
Suppose p + 4*q - 351 = -0*p, p - 2*q = 321. Is p a prime number?
True
Suppose -418 = -3*y + y. Is y a prime number?
False
Suppose 0 = -2*x + 560 + 92. Is x prime?
False
Let f(i) = 3 + 2*i**2 + 3 - 12*i**2. Let b(l) = -21*l**2 + l + 13. Let z(w) = 3*b(w) - 7*f(w). Is z(-4) a composite number?
False
Let h(c) be the second derivative of -13*c**6/720 - c**5/30 + c**4/4 + c. Let w(p) be the third derivative of h(p). Is w(-7) composite?
True
Let g(l) be the first derivative of 85*l**2 - 3*l - 6. Is g(2) prime?
True
Suppose -5*c = -3*p - 2411, p = c + 2*c - 1445. Is c composite?
True
Let y = 6 - 0. Suppose -r = -33 - y. Is r prime?
False
Suppose 10*n - 278 = 8*n. Is n prime?
True
Let r(s) be the first derivative of -s**4/4 + 10*s**3/3 - s**2/2 - s + 1. Let w(c) = 3*c**2 - 2*c. Let f be w(2). Is r(f) a composite number?
True
Suppose 0*j + 3*j - 15 = 0. Suppose 517 = j*t - 448. Suppose 4*m - t = 547. Is m a prime number?
False
Let z(h) = -h**3 + 8*h**2 - 7*h + 6. Let j be z(7). Is (3/j)/((-3)/(-42)) a composite number?
False
Suppose -3*j + p + 2 = 0, -j - 2*p + 8 = -2. Let d be ((-15)/(-3) - j) + -149. Let k = -91 - d. Is k prime?
False
Let d(l) = -67*l - 5. Let c be d(-5). Suppose -5*w = -4*j + 1017, 5*j + 2*w + c = 1593. Is j a prime number?
False
Let l be 3 + 4 - (4 - 1). Suppose -3*w = l*c - 409, -c - 3*c + 3*w = -415. Is c a composite number?
False
Let q(v) = 19*v + 1. Let u(x) = -2*x - 9. Let p be u(-6). Is q(p) composite?
True
Let o(j) = 11*j**2 + 1. Let r(k) = k**2 - k - 1. Let f(w) = o(w) + 5*r(w). Is f(-3) prime?
False
Suppose -x + b = -789, -2*x - 3*b + 1578 = -8*b. Let g = x - 472. Is g a composite number?
False
Let f be ((-4)/(-5))/(8/20). Let m = f + -8. Let x = m + 8. Is x prime?
True
Let c be (-714)/(-4) - (-2)/4. Let y = 159 + -281. Let u = y + c. Is u a composite number?
True
Let z be (1 - 2) + 4 + 1. Suppose -z*m + 4*r = -9 - 35, -2*m + r = -23. Is (472/m)/((-4)/(-6)) prime?
True
Suppose 2*x - 5993 = 69. Is x a composite number?
True
Is 3/((-105)/10) - (-39806)/14 prime?
True
Suppose -2*c - 2*c + 3596 = 0. Is c a composite number?
True
Suppose d + 3*c - 2774 = 0, 4*c = 5*d + 8*c - 13925. Is d composite?
False
Suppose -u + 2*u = 0. Let l(a) be the third derivative of a**6/120 - a**5/60 + 53*a**3/6 - 5*a**2. Is l(u) composite?
False
Suppose -143 = 3*b - 632. Is b prime?
True
Suppose 4 = f + 8. Let t be (f - -1)/(-6)*0. Is -4 + 13 - (t + -2) a prime number?
True
Let a(h) = -h. Let x(t) = -12*t + 1. Let v(i) = -6*a(i) + x(i). Is v(-3) a composite number?
False
Suppose -i + 104 = -2*i. Let d = 107 - i. Is d a composite number?
False
Let k = -27 + 46. Is k composite?
False
Let f = 44 + 7. Let c = f - 20. Is c a composite number?
False
Let a = -3 - 70. Let f = 158 + a. Is f prime?
False
Suppose 12 = -r + 4*r. Suppose 6*z - z + 2*h = r, 3*z + 3 = -3*h. Is z prime?
True
Suppose -2*l + 8 = 0, 0*f - l = -f + 85. Is f composite?
False
Suppose -4*w + 12 = -20. Suppose -p - p = w. Let f(i) = -2*i**3 - 5*i**2 - 2. Is f(p) composite?
True
Suppose -3*x = 2*x - 25. Suppose -2*a + 85 = k, a + x = -4*a. Is k a composite number?
True
Let o(b) = 7*b**2 - b - 1. Is o(-6) prime?
True
Suppose 14971 = 17*a - 6*a. Is a a composite number?
False
Suppose 2*x + 49 = 3*x. Is x composite?
True
Suppose 5 = 5*b, -5*y + 4*b - 2 = 2*b. Let l(d) = 0*d**2 + 4*d**2 + 5 + y + d. Is l(-6) a prime number?
False
Suppose -j + 6 = -15. Is j prime?
False
Let c(r) = -7*r - r + 16*r + 3 + 23*r. Is c(4) prime?
True
Let s(a) = 4*a**3 - a**2. Let y be s(1). Suppose 0*l - y*l + 170 = 5*r, 4*r - 3*l - 163 = 0. Is r a prime number?
True
Let b(o) = 2*o - 2. Let s be b(2). Suppose 0 = f - 3*z - 143, -7*f - 2*z + 715 = -s*f. Is f prime?
False
Let l(t) = -t - 89. Let j be l(0). Let y = 126 + j. Is y a prime number?
True
Suppose 4*u + 3*a - 580 = 0, 0 = 5*u - 8*u - a + 435. Is u a composite number?
True
Suppose g - 177 - 154 = 0. Is g prime?
True
Let z(w) = 104*w - 17. Is z(15) a composite number?
False
Let c be (-15 - -12)*14/(-6). Let t(r) = r**2 - r - 6. Let j be t(-5). Let v = c + j. Is v prime?
True
Let m(p) = 211*p**2 - 3*p + 3. Is m(3) a composite number?
True
Suppose -76 = 18*h - 22*h. Is h prime?
True
Is (-4)/(-22) + (-14256)/(-121) prime?
False
Suppose -27 = -4*r + 81. Let w be 3/(r/6)*6. Suppose -w*i + 200 = -20. Is i prime?
False
Suppose b - 17 + 5 = 0. Is 141 - (b/(-3))/(-2) prime?
True
Suppose -m + 8 = 3*u, 5*u = -3*m + u + 44. Let g = -6 + m. Is g a composite number?
True
Suppose 0*n + 337 = m + n, 3*m - 1027 = n. Is m prime?
False
Let i(l) = -2*l - 9. Let y be i(-7). Let s(t) = 7*t**3 - 2*t**2 + 5*t + 38. Let p(d) = -11*d**3 + 3*d**2 - 8*d - 57. Let q(m) = y*p(m) + 8*s(m). Is q(0) prime?
True
Suppose 109 = i + 6*z - 3*z, 0 = i + 5*z - 109. Is i prime?
True
Let l(w) = -6*w + 9. Let b be l(-9). Suppose -r + b = 2*r. Is r a prime number?
False
Let z be 2/7 + 84/49. Suppose z*v = 103 - 5. Suppose 2*d = a - 6 - 9, 4*d + v = 3*a. Is a a composite number?
False
Let t(b) be the third derivative of -9*b**4/4 + b**3/6 - b**2. Suppose 2*l = l - 1. Is t(l) a prime number?
False
Is (2/4)/(2/556) composite?
False
Suppose -q - 3*o - 2*o - 6 = 0, o + 10 = 2*q. Suppose 17 = q*t - 7. Is (-4)/6*(-1143)/t a composite number?
False
Suppose 8 = -0*g + 2*g. Suppose 2*z = -g*p + 262, -2*p - 74 = -z - 211. Is p composite?
False
Suppose -106 - 302 = -8*q. Is q composite?
True
Let d = 5 + -3. Let c be 15/(-2)*(-190)/3. Suppose c = 3*r + d*r. Is r prime?
False
Suppose 4*v + 0*m + m = 169, 3*m = 4*v - 149. Suppose 13 = -4*c + v. Is c composite?
False
Suppose 4692 = -4*t + 15968. Is t prime?
True
Let w(x) = -x + 9. Let h(j) = -3*j + 27. Let b(t) = 3*h(t) - 8*w(t). Let a be b(7). Suppose -2*v - a = -54. Is v composite?
True
Let o be 16/2 + -3 + 0. Suppose 0 = o*g - 5453 + 1373. Let b = g - 523. Is b a prime number?
True
Let d(l) = -6*l**2 - 12*l + 1. Let n(q) = -12*q**2 - 25*q + 3. Let i(y) = -13*d(y) + 6*n(y). Is i(5) a composite number?
True
Let x = 130 + -65. Is x a prime number?
False
Let a = -37 - -328. Is a prime?
False
Let p be (-1654)/8 - 4/16. Let q = -130 - p. Is q a composite number?
True
Let l(s) = -s + 8. Let x be l(13). Is 3810/(-12)*2/x a prime number?
True
Let z(f) = -80*f**3 + f**2 + f. Let j be z(-1). Let h = j + 33. Is h a prime number?
True
Let u(w) = 16*w + 17. Suppose 0*z - 38 = -4*z + t, -4*t - 17 = -z. Is u(z) prime?
False
Let k be (16 - -2)*(-6)/(-4). Let c be (-1 - 0)/((-3)/k). Suppose i - c = 2. Is i a composite number?
False
Is ((-4614)/(-12))/((-1)/(-2)) a prime number?
True
Suppose -5*i - 656 = -2*b, -7*i + 2*i = -b + 333. Suppose -4*k - 784 = -4*h - 132, -b = 2*k - h. Let t = 266 + k. Is t prime?
False
Is (-70)/15 + 5 + (-104)/(-3) prime?
False
Let u(m) = -m + 1. Let y be u(-2). Suppose -y*s - 274 = 776. Is 9/(-12) + s/(-8) a composite number?
False
Let v(z) = -z**2 +